- 41*v**2 - 19*v - 47. Give n(k).
-5
Let u be (-40)/(-36)*-3*96/(-20). Let f(s) = -55*s + 73*s + 10 - u*s. Suppose -3*t + 4*g - 29 = 0, 0 = -5*t + g - 24 - 13. Determine f(t).
-4
Suppose -10*p - 54 = 3*p + 76. Let k(w) = -16*w - 161. Give k(p).
-1
Let v be (8/12)/((-4)/(-42)). Suppose -4 = -72*s + 70*s. Let a(p) = 4*p**3 + 7*p**s + p**3 + 2276 - 2279 - 6*p**3 + p. Calculate a(v).
4
Let j(l) be the first derivative of -l**4/2 - 2*l**3/3 + l**2 + 2*l - 108. Suppose -g + 3*q - 2 = 0, -g = -5*q - 0 + 2. Calculate j(g).
6
Suppose 2*x - 16 = -0*x. Let k(t) be the first derivative of -t**3/3 + 9*t**2/2 - 6766. Calculate k(x).
8
Let o(t) = -t**2 - t + 3. Let c(y) = -35*y - 23. Let n(l) = -c(l) + 3*o(l). Let a(s) = -2*s**2 + 21*s + 21. Let w(z) = -8*a(z) + 5*n(z). Calculate w(8).
-8
Suppose -6*b + 18 = 0, -2*l + 3 - 12 = -3*b. Let g(a) = -a + 33*a**2 + 34*a**2 - 68*a**2 - 36. Determine g(l).
-36
Let d(n) be the second derivative of n**5/20 - 7*n**4/4 + 26*n**3/3 + 16*n**2 - 35*n + 66. What is d(18)?
-4
Let q(l) = -266 + 517 + 0*l + 3*l - 279. Calculate q(8).
-4
Let w = -45 - -50. Suppose 3*p + 0*u - u - 12 = 0, -3*u = -w*p + 16. Let b(v) = -5 + 6 + v**3 + 27*v**2 - 32*v**2 + 3. Calculate b(p).
4
Let b(i) = -i - 17. Suppose 3*l = -2*l - l. Suppose -4*p - 56 = -l*q - 2*q, 3*p = 2*q - 42. Let v be b(p). Let j(r) = r**2 - 2. Determine j(v).
7
Let h(a) = a**3 - 8*a**2 - 7. Let j(y) = 6 + 0 - 4 + 6*y + 6. Let f be j(0). Calculate h(f).
-7
Let k(q) = -57*q + 114. Let t(d) = 31*d**2 - 181*d - 28. Let a be t(6). What is k(a)?
0
Let a(h) be the third derivative of 24*h**2 + 0 + 0*h + 0*h**3 - 5/12*h**4 + 1/60*h**5 + 1/720*h**6. Let s(q) be the second derivative of a(q). Give s(2).
4
Suppose -79 = -5*u + 4*n, n = 4*u - 74 + 13. Let p(m) = -m**3 + 14*m**2 + 13*m - 19. Give p(u).
-49
Let g(k) = -k**3 + 4*k + 10. Let p(j) = 2*j**2 + 89*j - 238. Let t be p(-47). Determine g(t).
25
Let l(z) = 2*z - 272. Let y(n) = 24. Let w(d) = l(d) + 12*y(d). What is w(5)?
26
Let k be (((-4212)/(-45))/26)/((-4)/(-30)). Let z(s) = -3*s + 41. What is z(k)?
-40
Let s(o) be the third derivative of -o**7/2520 + o**6/180 - o**5/24 - o**4/6 - 3*o**2 + 5*o. Let j(l) be the second derivative of s(l). Determine j(3).
-2
Let g(k) = 4*k. Suppose -532 = -2*d - 5*d. Suppose 2*b = -3*y + y + d, -125 = -4*y + 5*b. Suppose -4*j + 27 = y. Determine g(j).
-8
Suppose 63*r - 137*r + 390 = -44*r. Let s(v) = -7*v + 87. Determine s(r).
-4
Let o(q) be the second derivative of 1/4*q**4 + 1/3*q**3 + 0 + 0*q**2 - q. Let a(l) = -l**3 - 3*l**2 + 20*l + 14. Let v be a(-6). What is o(v)?
16
Let g be (-13 + -1)/(-2) - -1. Let r(u) = 2*u**2 + 10*u + 4. Let s = -344 + 347. Let v(m) = m**2 + 9*m + 4. Let j(i) = s*v(i) - 2*r(i). Calculate j(g).
-4
Let q(y) = -3*y**2 - 8*y - 6. Let u(o) = -8*o**2 - 16*o - 13. Let z be (-126)/36*(-10)/(-7). Let j(d) = z*q(d) + 2*u(d). Determine j(8).
4
Let i(g) = 9*g**3 + 3*g - 2. Let k(q) = -92*q - 4783. Let w be k(-52). Give i(w).
10
Let a = 3829 + -3834. Let l(k) = -k**2 - 6*k - 17. Determine l(a).
-12
Let c(o) = 5 + 3*o + 10 - 2 - 4. Let j(z) = z + 3. Suppose -2*a + 10 = -2*q + 4*q, a - 20 = 4*q. Let w(u) = a*j(u) - 3*c(u). Calculate w(3).
-6
Suppose -c - 50 = 3*v, 40 + 27 = -4*v - c. Let x(w) = -w**3 - 20*w**2 - 49*w + 10. Calculate x(v).
-24
Let v(m) be the first derivative of -1/3*m**3 + 0*m + 47 + 9/2*m**2. Calculate v(9).
0
Let g(p) = -p**3 - 3*p**2 - 2*p - 7. Let c = 273 - 272. Suppose -5*r - 31 = 4*x, 3*r - 3*x = -x - c. Calculate g(r).
-1
Let a = 10909 + -10909. Let g(j) = -3*j - 25. Calculate g(a).
-25
Let j(v) = -14*v + 148. Suppose -4*z + 2916 = -3*t + 2966, -5 = z. What is j(t)?
8
Let w(v) = v**2 + 2*v. Suppose -7*n = -2*n + 400. Suppose -5*c - 379 = -2*r, 3*c = -c - 4*r - 320. Let m = n - c. Determine w(m).
3
Let m = 262 + -250. Let l(x) be the second derivative of -x**4/12 + 5*x**3/3 + 15*x**2/2 - 36*x. What is l(m)?
-9
Let q(r) = -2*r + 2 + 4 - 7. Let h(s) = -9*s - 579. Let p be h(-65). Calculate q(p).
-13
Suppose 19 = -5*o + 199. Suppose -11*b + 5*b = o. Let h(l) = 1 - 5 - l - 1 + 0*l. Calculate h(b).
1
Let h(j) = 5*j - 61. Let i = -8776 - -8791. Calculate h(i).
14
Let v(f) be the third derivative of -f**6/360 + f**5/120 - f**4/6 - 67*f**3/6 - 76*f**2. Let q(w) be the first derivative of v(w). Determine q(3).
-10
Suppose -5*g = -3*u + 54, 4*u - 8 = 274*g - 278*g. Let q(k) = -2*k - 9. What is q(u)?
-25
Suppose 5*i - 25 = -3*p, -p - 38 = -5*p - 2*i. Suppose 4*j + 2*o = -p, -5*o + 0 = -j - 8. Let k(g) = 107 + 103 - 213 - g**2 - 3*g. What is k(j)?
-3
Let v(a) = -a**3 + 17*a**2 - 33*a + 7. Let h(x) = -2*x**2 + 4*x - 1. Let w(t) = 8*h(t) + v(t). Determine w(-2).
13
Let v(j) = -j**3 + 2*j**2 + 2*j - 4. Let t be v(2). Let z(p) = 45*p - 5 + t*p - 44*p. Calculate z(0).
-5
Let h(s) = 5*s**3 + 5*s**2 - 47*s + 57. Let g(i) = -7*i**3 - 7*i**2 + 66*i - 80. Let p(o) = 12*g(o) + 17*h(o). What is p(-5)?
-56
Let p(f) = -f**3 + f**2 - 11. Let b = -222 + 227. Suppose -4*x = z - 5, 2*x + 20 = b*x + 4*z. Calculate p(x).
-11
Let y(r) = 25*r**2 - 2*r - 62. Let z(b) = 46*b**2 - 4*b - 126. Let w(s) = 11*y(s) - 6*z(s). What is w(10)?
-6
Let c(z) = z**3 + 6*z**2 + 4*z - 8. Suppose 5*v = 2*n + 27, 0 = 4*n - v + 10 + 17. Determine c(n).
-32
Let t = -80 + 81. Let b(p) = p**2 - p. Let v(y) = -2*y**3 + 2*y**2 + 1. Let c(l) = t*v(l) - 3*b(l). Let q = 12 - 14. Calculate c(q).
7
Let j = -130 + 143. Suppose -7 + j = -y + s, 5*s + 10 = -3*y. Let t(d) = 3*d - 1 - 5*d**2 - 2*d**2 + 3*d**2 - d**3. What is t(y)?
9
Let n(u) = -2*u**3 + 5*u**2 - 9. Let c(s) be the first derivative of 3*s**4/4 - 5*s**3/3 - s**2/2 + 10*s - 61. Let t(o) = 3*c(o) + 4*n(o). Determine t(-5).
9
Let m be ((-375)/50)/((-3)/2). Let s be 1 + -1 + 1 - -1. Let z(d) = 1 + 5*d**s - 1 - 5*d - 3 - 4*d**2. Give z(m).
-3
Let b(t) = -2*t - 14. Let w be b(-8). Let v(l) = 1 - 37*l + 64*l - l**w - 31*l. Calculate v(-5).
-4
Let n(y) be the second derivative of -8*y**4/3 - y**3/3 + y**2/2 - 2030*y + 23. Suppose 2*q = 1 + 1. What is n(q)?
-33
Let v(w) be the second derivative of 0 - 8*w + 2/3*w**3 + w**2. Suppose 5*y - i + 3 + 16 = 0, -2*y + 14 = 5*i. Determine v(y).
-10
Let k = 4 - 5. Let a(w) = -w - w + 1150671 - 1150672 - w**2. What is a(k)?
0
Let n(l) = 3*l**2 + 5*l - 1. Let s(w) = -14*w**2 - 30*w - 6. Let x(r) = 5*n(r) + s(r). Give x(9).
25
Let a(r) = -r**2 + 53*r - 238. Let v be a(48). Let f(t) be the first derivative of 18 - 1/3*t**3 - v*t**4 + 0*t + 1/2*t**2. Calculate f(1).
-8
Let u(r) be the first derivative of 13*r - 228 + 1/2*r**2. Suppose 0 = -5*y + 4*l - 27, -5*y - 2*l = -y + 32. Calculate u(y).
6
Suppose -8*b + 37 = 5. Suppose q = 5*n + b, -4*n - 2 = 96*q - 98*q. Let g(t) = -3*t. Give g(q).
3
Let v(b) = 55*b - 82. Let r(j) = 25*j - 41. Let t(u) = 13*r(u) - 6*v(u). What is t(-12)?
19
Let a = 37 + -30. Let o(l) be the first derivative of -l**2/2 + 2*l + 978. Determine o(a).
-5
Let a = -102 + 104. Suppose 2*s = a*o + 6, -5 + 0 = 5*o - 3*s. Let k(u) = -u**3 + 105*u - 104*u - 5*u**o + 4*u**2. Give k(2).
-10
Suppose 65*m = 72*m - 98. Let r(p) = -2*p + 7 + 6 + p - m. Give r(-5).
4
Suppose 3 = 11*x - 41. Suppose 0*k - 18 = -x*k + o, 4*k - 10 = 5*o. Let f(y) = 11*y + y - 10*y - 2. Give f(k).
8
Let x(y) = -16*y + 14*y - 25*y + 9 + 43*y - 18*y. Let i(u) = -5*u + 1. Let q(a) = -a - 1. Let v(f) = -i(f) + 2*q(f). Let h be v(3). Determine x(h).
-3
Let w(h) = 252*h - 2*h**2 + 2 - 111*h - 145*h. What is w(-3)?
-4
Let r(o) = o**2 + 21*o + 92. Let y be r(-26). Let j = y - 230. Let a(d) = -d**2 - 8*d + 2. What is a(j)?
2
Suppose 18 = -o + 3*g, -5*o = 196*g - 201*g + 30. Let j(m) = m**2 - m**2 - m - 7 + m**3 - 2*m**3 + m**2. What is j(o)?
-7
Let l(a) = a**3 + 4*a**2 - 6*a + 2. Let c be l(-5). Let q(t) = -c*t**2 + 0 - 5 - 3*t**2 - 12*t - t**3. Let u = 201345 - 201354. Give q(u).
22
Suppose -29 = 11*q + 48. Let o(x) = 7*x**2 + 4*x - 8. Let t(r) = 4*r**2 + r - 4. Let d(b) = 3*o(b) - 5*t(b). What is d(q)?
-4
Suppose 5*q - 18 = -d - 16, -2*d + 3*q = 9. Let z(n) = -2*n**2 - 9*n + 2. Let m(y) = -y + 1. Let o(w) = 6*m(w) - z(w). What is o(d)?
13
Let q(a) be the first derivative of -3*a**4/2 - a**3/6 - 113*a + 79. Let l(s) be the first derivative of q(s). Determine l(-1).
-17
Let h(y) = -2*y**2 + 19*y - 13. Let b(t) = -t**2 - 5*t + 3. Let w(k) = -3*b(k) - h(k). Ca